{"id":2968,"date":"2023-10-10T10:12:31","date_gmt":"2023-10-10T08:12:31","guid":{"rendered":"https:\/\/cigandse.hu\/?page_id=2968"},"modified":"2023-10-10T10:15:58","modified_gmt":"2023-10-10T08:15:58","slug":"ez-nem-a-mi-hetvegenk-volt","status":"publish","type":"page","link":"https:\/\/cigandse.hu\/index.php\/ez-nem-a-mi-hetvegenk-volt\/","title":{"rendered":"Ez nem a mi h\u00e9tv\u00e9g\u00e9nk volt"},"content":{"rendered":"<p><a href=\"https:\/\/cigandse.hu\/wp-content\/uploads\/2023\/10\/mitz-scaled.jpg\"><img loading=\"lazy\" decoding=\"async\" class=\"size-full wp-image-2969\" src=\"https:\/\/cigandse.hu\/wp-content\/uploads\/2023\/10\/mitz-scaled.jpg\" alt=\"\" width=\"2560\" height=\"1493\" srcset=\"https:\/\/cigandse.hu\/wp-content\/uploads\/2023\/10\/mitz-scaled.jpg 2560w, https:\/\/cigandse.hu\/wp-content\/uploads\/2023\/10\/mitz-300x175.jpg 300w, https:\/\/cigandse.hu\/wp-content\/uploads\/2023\/10\/mitz-1024x597.jpg 1024w, https:\/\/cigandse.hu\/wp-content\/uploads\/2023\/10\/mitz-768x448.jpg 768w, https:\/\/cigandse.hu\/wp-content\/uploads\/2023\/10\/mitz-1536x896.jpg 1536w, https:\/\/cigandse.hu\/wp-content\/uploads\/2023\/10\/mitz-2048x1195.jpg 2048w, https:\/\/cigandse.hu\/wp-content\/uploads\/2023\/10\/mitz-128x75.jpg 128w, https:\/\/cigandse.hu\/wp-content\/uploads\/2023\/10\/mitz-32x19.jpg 32w\" sizes=\"auto, (max-width: 2560px) 100vw, 2560px\" \/><\/a><\/p>\n<p><strong>MLSZ REGION\u00c1LIS U16 ALAP, \u00c9SZAKKELETI CSOPORT, 6. FORDUL\u00d3:<\/strong><\/p>\n<p><b>FC Tisza\u00fajv\u00e1ros\u2013Cig\u00e1nd SE 4\u20133 (3\u20132)<\/b><\/p>\n<p>&nbsp;<\/p>\n<p><strong>MLSZ REGION\u00c1LIS U14 ALAP, \u00c9SZAKKELETI <\/strong><strong>\u201e<\/strong><strong>A&#8221; CSOPORT, 7. FORDUL\u00d3:<\/strong><\/p>\n<p><b>BSK Als\u00f3zsolca\u2013Cig\u00e1nd SE 4\u20133 (2\u20131)<\/b><\/p>\n<p><strong>M\u00e1rta Zolt\u00e1n, edz\u0151:<\/strong> \u2013 \u00c1lmosan kezdt\u00fck a m\u00e9rk\u0151z\u00e9st \u00e9s hamar h\u00e1tr\u00e1nyba ker\u00fclt\u00fcnk, de \u00edgy is megvoltak a lehet\u0151s\u00e9geink. A m\u00e1sodik f\u00e9lid\u0151ben szerkezetet v\u00e1ltottunk, uraltuk a meccset, ki is egyenl\u00edtett\u00fcnk. Sz\u00e1mtalan helyzetet kialak\u00edtottunk, melyek kimaradtak, az ellenf\u00e9l pedig a v\u00e9g\u00e9n tal\u00e1lt egy g\u00f3lt. Nem \u00e9rdemelt\u00fcnk veres\u00e9get, de sajnos ilyen a foci. B\u00fcszke vagyok a csapatom minden egyes tagj\u00e1ra, k\u00fczdeni akar\u00e1sb\u00f3l jelesre vizsg\u00e1ztak, j\u00e1t\u00e9kban el\u0151re l\u00e9pt\u00fcnk, \u00e9s ez a legfontosabb.<\/p>\n<p>&nbsp;<\/p>\n<p><strong>MLSZ REGION\u00c1LIS U13 ALAP, \u00c9SZAKKELETI CSOPORT, 5. FORDUL\u00d3:<\/strong><\/p>\n<p><b>Cig\u00e1nd SE\u2013Debreceni Sportiskola 2\u20133 (0\u20131, 0\u20131, 0\u20131)<\/b><\/p>\n<p><strong>Paronai Tam\u00e1s, edz\u0151:<\/strong> \u2013 Az els\u0151 k\u00e9t negyedben rossz felfog\u00e1sban j\u00e1tszottunk, nem t\u00e1madtuk a labd\u00e1s j\u00e1t\u00e9kost \u00e9s \u00e1tadtuk a ter\u00fcletet a vend\u00e9geknek. A harmadik negyedben \u00e1t\u00e1lltunk h\u00e1rom v\u00e9d\u0151s rendszerbe, ami teljesen megv\u00e1ltoztatta a j\u00e1t\u00e9k k\u00e9p\u00e9t. J\u00f3 volt n\u00e9zni a csapat j\u00e1t\u00e9k\u00e1t, rengeteg helyzetet alak\u00edtottunk ki \u00e9s mi domin\u00e1ltunk!\u00a0 \u00d6sszess\u00e9g\u00e9ben a vend\u00e9gek a ziccereiket kihaszn\u00e1lt\u00e1k, m\u00edg mi a legnagyobb helyzetekben is rosszul d\u00f6nt\u00f6tt\u00fcnk. Ett\u0151l f\u00fcggetlen\u00fcl gratul\u00e1lok a csapatomnak, j\u00f3 \u00faton haladunk!<\/p>\n<p>&nbsp;<\/p>\n<p><strong>MLSZ REGION\u00c1LIS U13 ALAP, \u00c9SZAKKELETI CSOPORT, 5. FORDUL\u00d3:<\/strong><\/p>\n<p><b>Cig\u00e1nd SE\u2013Debreceni Sportiskola 2\u20137 (0\u20131, 0\u20133, 1\u20133)<\/b><\/p>\n<p><strong>Kert\u00e9sz Mil\u00e1n, edz\u0151:<\/strong> \u2013 Nehezen kezdt\u00fck a m\u00e9rk\u0151z\u00e9st, amelyen a DSI hamar t\u00f6bbg\u00f3los el\u0151nyt szerzett, viszont j\u00f3l tudtunk reag\u00e1lni az ellenf\u00e9l magas let\u00e1mad\u00e1s\u00e1ra \u00e9s visszaj\u00f6tt\u00fcnk a meccsbe. A 73. percig kiegyenl\u00edtett j\u00e1t\u00e9k zajlott, kapuf\u00e1t l\u0151tt\u00fcnk, ziccereket hib\u00e1ztunk, v\u00e9g\u00fcl az el\u0151z\u0151 m\u00e9rk\u0151z\u00e9sekhez hasonl\u00f3an az ellenf\u00e9l t\u00e9rfel\u00e9n t\u00f6rt\u00e9n\u0151 labdaveszt\u00e9seket k\u00f6vet\u0151en kev\u00e9sb\u00e9 m\u0171k\u00f6dtek az \u00e1tmenetek, a visszat\u00e1mad\u00e1sok, a labdavonala m\u00f6g\u00e9 z\u00e1r\u00e1sok lassan val\u00f3sultak meg, \u00edgy az utols\u00f3 h\u00e9t percben kontr\u00e1kb\u00f3l az ellenf\u00e9l k\u00f6ny\u00f6rtelen\u00fcl kihaszn\u00e1lta minden egyes helyzet\u00e9t. D\u00f6nt\u0151 szitu\u00e1ci\u00f3kban mi hib\u00e1ztunk, nem tudtuk g\u00f3lra v\u00e1ltani az ad\u00f3d\u00f3 lehet\u0151s\u00e9geinket. A k\u00f6z\u00e9pp\u00e1ly\u00e1s v\u00e9dekez\u00e9s\u00fcnk\u00f6n m\u00e9g mindig csiszolni kell, de nem tudom elmarasztalni a gyerekeket a mai m\u00e9rk\u0151z\u00e9sen, j\u00f3 felfog\u00e1sban fociztak!<\/p>\n","protected":false},"excerpt":{"rendered":"<p>MLSZ REGION\u00c1LIS U16 ALAP, \u00c9SZAKKELETI CSOPORT, 6. FORDUL\u00d3: FC Tisza\u00fajv\u00e1ros\u2013Cig\u00e1nd SE 4\u20133 (3\u20132) &nbsp; MLSZ REGION\u00c1LIS U14 ALAP, \u00c9SZAKKELETI \u201eA&#8221; [&hellip;]<\/p>\n","protected":false},"author":1,"featured_media":2969,"parent":0,"menu_order":0,"comment_status":"closed","ping_status":"closed","template":"","meta":{"_uag_custom_page_level_css":"","footnotes":""},"class_list":["post-2968","page","type-page","status-publish","has-post-thumbnail","hentry"],"yoast_head":"<!-- This site is optimized with the Yoast SEO plugin v25.5 - https:\/\/yoast.com\/wordpress\/plugins\/seo\/ -->\n<title>Ez nem a mi h\u00e9tv\u00e9g\u00e9nk volt - Cig\u00e1nd Sportegyes\u00fclet hivatalos oldala<\/title>\n<meta name=\"robots\" content=\"index, follow, max-snippet:-1, max-image-preview:large, max-video-preview:-1\" \/>\n<link rel=\"canonical\" href=\"https:\/\/cigandse.hu\/index.php\/ez-nem-a-mi-hetvegenk-volt\/\" \/>\n<meta property=\"og:locale\" content=\"hu_HU\" \/>\n<meta property=\"og:type\" content=\"article\" \/>\n<meta property=\"og:title\" content=\"Ez nem a mi h\u00e9tv\u00e9g\u00e9nk volt - Cig\u00e1nd Sportegyes\u00fclet hivatalos oldala\" \/>\n<meta property=\"og:description\" content=\"MLSZ REGION\u00c1LIS U16 ALAP, \u00c9SZAKKELETI CSOPORT, 6. FORDUL\u00d3: FC Tisza\u00fajv\u00e1ros\u2013Cig\u00e1nd SE 4\u20133 (3\u20132) &nbsp; MLSZ REGION\u00c1LIS U14 ALAP, \u00c9SZAKKELETI \u201eA&#8221; [&hellip;]\" \/>\n<meta property=\"og:url\" content=\"https:\/\/cigandse.hu\/index.php\/ez-nem-a-mi-hetvegenk-volt\/\" \/>\n<meta property=\"og:site_name\" content=\"Cig\u00e1nd Sportegyes\u00fclet hivatalos oldala\" \/>\n<meta property=\"article:publisher\" content=\"https:\/\/www.facebook.com\/CigandSportegyesulet\" \/>\n<meta property=\"article:modified_time\" content=\"2023-10-10T08:15:58+00:00\" \/>\n<meta property=\"og:image\" content=\"https:\/\/cigandse.hu\/wp-content\/uploads\/2023\/10\/mitz-scaled.jpg\" \/>\n\t<meta property=\"og:image:width\" content=\"2560\" \/>\n\t<meta property=\"og:image:height\" content=\"1493\" \/>\n\t<meta property=\"og:image:type\" content=\"image\/jpeg\" \/>\n<meta name=\"twitter:card\" content=\"summary_large_image\" \/>\n<meta name=\"twitter:label1\" content=\"Becs\u00fclt olvas\u00e1si id\u0151\" \/>\n\t<meta name=\"twitter:data1\" content=\"2 perc\" \/>\n<script type=\"application\/ld+json\" class=\"yoast-schema-graph\">{\"@context\":\"https:\/\/schema.org\",\"@graph\":[{\"@type\":\"WebPage\",\"@id\":\"https:\/\/cigandse.hu\/index.php\/ez-nem-a-mi-hetvegenk-volt\/\",\"url\":\"https:\/\/cigandse.hu\/index.php\/ez-nem-a-mi-hetvegenk-volt\/\",\"name\":\"Ez nem a mi h\u00e9tv\u00e9g\u00e9nk volt - Cig\u00e1nd Sportegyes\u00fclet hivatalos oldala\",\"isPartOf\":{\"@id\":\"https:\/\/cigandse.hu\/#website\"},\"primaryImageOfPage\":{\"@id\":\"https:\/\/cigandse.hu\/index.php\/ez-nem-a-mi-hetvegenk-volt\/#primaryimage\"},\"image\":{\"@id\":\"https:\/\/cigandse.hu\/index.php\/ez-nem-a-mi-hetvegenk-volt\/#primaryimage\"},\"thumbnailUrl\":\"https:\/\/cigandse.hu\/wp-content\/uploads\/2023\/10\/mitz-scaled.jpg\",\"datePublished\":\"2023-10-10T08:12:31+00:00\",\"dateModified\":\"2023-10-10T08:15:58+00:00\",\"breadcrumb\":{\"@id\":\"https:\/\/cigandse.hu\/index.php\/ez-nem-a-mi-hetvegenk-volt\/#breadcrumb\"},\"inLanguage\":\"hu\",\"potentialAction\":[{\"@type\":\"ReadAction\",\"target\":[\"https:\/\/cigandse.hu\/index.php\/ez-nem-a-mi-hetvegenk-volt\/\"]}]},{\"@type\":\"ImageObject\",\"inLanguage\":\"hu\",\"@id\":\"https:\/\/cigandse.hu\/index.php\/ez-nem-a-mi-hetvegenk-volt\/#primaryimage\",\"url\":\"https:\/\/cigandse.hu\/wp-content\/uploads\/2023\/10\/mitz-scaled.jpg\",\"contentUrl\":\"https:\/\/cigandse.hu\/wp-content\/uploads\/2023\/10\/mitz-scaled.jpg\",\"width\":2560,\"height\":1493,\"caption\":\"Boys Text Style Effect\"},{\"@type\":\"BreadcrumbList\",\"@id\":\"https:\/\/cigandse.hu\/index.php\/ez-nem-a-mi-hetvegenk-volt\/#breadcrumb\",\"itemListElement\":[{\"@type\":\"ListItem\",\"position\":1,\"name\":\"Kezd\u0151lap\",\"item\":\"https:\/\/cigandse.hu\/\"},{\"@type\":\"ListItem\",\"position\":2,\"name\":\"Ez nem a mi h\u00e9tv\u00e9g\u00e9nk volt\"}]},{\"@type\":\"WebSite\",\"@id\":\"https:\/\/cigandse.hu\/#website\",\"url\":\"https:\/\/cigandse.hu\/\",\"name\":\"Cig\u00e1nd Sportegyes\u00fclet hivatalos oldala\",\"description\":\"Cig\u00e1nd Sportegyes\u00fclet hivatalos oldala\",\"publisher\":{\"@id\":\"https:\/\/cigandse.hu\/#organization\"},\"potentialAction\":[{\"@type\":\"SearchAction\",\"target\":{\"@type\":\"EntryPoint\",\"urlTemplate\":\"https:\/\/cigandse.hu\/?s={search_term_string}\"},\"query-input\":{\"@type\":\"PropertyValueSpecification\",\"valueRequired\":true,\"valueName\":\"search_term_string\"}}],\"inLanguage\":\"hu\"},{\"@type\":\"Organization\",\"@id\":\"https:\/\/cigandse.hu\/#organization\",\"name\":\"Cig\u00e1nd Sportegyes\u00fclet\",\"url\":\"https:\/\/cigandse.hu\/\",\"logo\":{\"@type\":\"ImageObject\",\"inLanguage\":\"hu\",\"@id\":\"https:\/\/cigandse.hu\/#\/schema\/logo\/image\/\",\"url\":\"https:\/\/cigandse.hu\/wp-content\/uploads\/2022\/04\/Cigand-SE-cimer-1.jpg\",\"contentUrl\":\"https:\/\/cigandse.hu\/wp-content\/uploads\/2022\/04\/Cigand-SE-cimer-1.jpg\",\"width\":1932,\"height\":2088,\"caption\":\"Cig\u00e1nd Sportegyes\u00fclet\"},\"image\":{\"@id\":\"https:\/\/cigandse.hu\/#\/schema\/logo\/image\/\"},\"sameAs\":[\"https:\/\/www.facebook.com\/CigandSportegyesulet\",\"https:\/\/www.youtube.com\/channel\/UC0prdKj31NqRteZ5J4bGUZw\",\"https:\/\/hu.wikipedia.org\/wiki\/Cig\u00e1nd_SE\"]}]}<\/script>\n<!-- \/ Yoast SEO plugin. -->","yoast_head_json":{"title":"Ez nem a mi h\u00e9tv\u00e9g\u00e9nk volt - Cig\u00e1nd Sportegyes\u00fclet hivatalos oldala","robots":{"index":"index","follow":"follow","max-snippet":"max-snippet:-1","max-image-preview":"max-image-preview:large","max-video-preview":"max-video-preview:-1"},"canonical":"https:\/\/cigandse.hu\/index.php\/ez-nem-a-mi-hetvegenk-volt\/","og_locale":"hu_HU","og_type":"article","og_title":"Ez nem a mi h\u00e9tv\u00e9g\u00e9nk volt - Cig\u00e1nd Sportegyes\u00fclet hivatalos oldala","og_description":"MLSZ REGION\u00c1LIS U16 ALAP, \u00c9SZAKKELETI CSOPORT, 6. FORDUL\u00d3: FC Tisza\u00fajv\u00e1ros\u2013Cig\u00e1nd SE 4\u20133 (3\u20132) &nbsp; MLSZ REGION\u00c1LIS U14 ALAP, \u00c9SZAKKELETI \u201eA&#8221; [&hellip;]","og_url":"https:\/\/cigandse.hu\/index.php\/ez-nem-a-mi-hetvegenk-volt\/","og_site_name":"Cig\u00e1nd Sportegyes\u00fclet hivatalos oldala","article_publisher":"https:\/\/www.facebook.com\/CigandSportegyesulet","article_modified_time":"2023-10-10T08:15:58+00:00","og_image":[{"width":2560,"height":1493,"url":"https:\/\/cigandse.hu\/wp-content\/uploads\/2023\/10\/mitz-scaled.jpg","type":"image\/jpeg"}],"twitter_card":"summary_large_image","twitter_misc":{"Becs\u00fclt olvas\u00e1si id\u0151":"2 perc"},"schema":{"@context":"https:\/\/schema.org","@graph":[{"@type":"WebPage","@id":"https:\/\/cigandse.hu\/index.php\/ez-nem-a-mi-hetvegenk-volt\/","url":"https:\/\/cigandse.hu\/index.php\/ez-nem-a-mi-hetvegenk-volt\/","name":"Ez nem a mi h\u00e9tv\u00e9g\u00e9nk volt - Cig\u00e1nd Sportegyes\u00fclet hivatalos oldala","isPartOf":{"@id":"https:\/\/cigandse.hu\/#website"},"primaryImageOfPage":{"@id":"https:\/\/cigandse.hu\/index.php\/ez-nem-a-mi-hetvegenk-volt\/#primaryimage"},"image":{"@id":"https:\/\/cigandse.hu\/index.php\/ez-nem-a-mi-hetvegenk-volt\/#primaryimage"},"thumbnailUrl":"https:\/\/cigandse.hu\/wp-content\/uploads\/2023\/10\/mitz-scaled.jpg","datePublished":"2023-10-10T08:12:31+00:00","dateModified":"2023-10-10T08:15:58+00:00","breadcrumb":{"@id":"https:\/\/cigandse.hu\/index.php\/ez-nem-a-mi-hetvegenk-volt\/#breadcrumb"},"inLanguage":"hu","potentialAction":[{"@type":"ReadAction","target":["https:\/\/cigandse.hu\/index.php\/ez-nem-a-mi-hetvegenk-volt\/"]}]},{"@type":"ImageObject","inLanguage":"hu","@id":"https:\/\/cigandse.hu\/index.php\/ez-nem-a-mi-hetvegenk-volt\/#primaryimage","url":"https:\/\/cigandse.hu\/wp-content\/uploads\/2023\/10\/mitz-scaled.jpg","contentUrl":"https:\/\/cigandse.hu\/wp-content\/uploads\/2023\/10\/mitz-scaled.jpg","width":2560,"height":1493,"caption":"Boys Text Style Effect"},{"@type":"BreadcrumbList","@id":"https:\/\/cigandse.hu\/index.php\/ez-nem-a-mi-hetvegenk-volt\/#breadcrumb","itemListElement":[{"@type":"ListItem","position":1,"name":"Kezd\u0151lap","item":"https:\/\/cigandse.hu\/"},{"@type":"ListItem","position":2,"name":"Ez nem a mi h\u00e9tv\u00e9g\u00e9nk volt"}]},{"@type":"WebSite","@id":"https:\/\/cigandse.hu\/#website","url":"https:\/\/cigandse.hu\/","name":"Cig\u00e1nd Sportegyes\u00fclet hivatalos oldala","description":"Cig\u00e1nd Sportegyes\u00fclet hivatalos oldala","publisher":{"@id":"https:\/\/cigandse.hu\/#organization"},"potentialAction":[{"@type":"SearchAction","target":{"@type":"EntryPoint","urlTemplate":"https:\/\/cigandse.hu\/?s={search_term_string}"},"query-input":{"@type":"PropertyValueSpecification","valueRequired":true,"valueName":"search_term_string"}}],"inLanguage":"hu"},{"@type":"Organization","@id":"https:\/\/cigandse.hu\/#organization","name":"Cig\u00e1nd Sportegyes\u00fclet","url":"https:\/\/cigandse.hu\/","logo":{"@type":"ImageObject","inLanguage":"hu","@id":"https:\/\/cigandse.hu\/#\/schema\/logo\/image\/","url":"https:\/\/cigandse.hu\/wp-content\/uploads\/2022\/04\/Cigand-SE-cimer-1.jpg","contentUrl":"https:\/\/cigandse.hu\/wp-content\/uploads\/2022\/04\/Cigand-SE-cimer-1.jpg","width":1932,"height":2088,"caption":"Cig\u00e1nd Sportegyes\u00fclet"},"image":{"@id":"https:\/\/cigandse.hu\/#\/schema\/logo\/image\/"},"sameAs":["https:\/\/www.facebook.com\/CigandSportegyesulet","https:\/\/www.youtube.com\/channel\/UC0prdKj31NqRteZ5J4bGUZw","https:\/\/hu.wikipedia.org\/wiki\/Cig\u00e1nd_SE"]}]}},"uagb_featured_image_src":{"full":["https:\/\/cigandse.hu\/wp-content\/uploads\/2023\/10\/mitz-scaled.jpg",2560,1493,false],"thumbnail":["https:\/\/cigandse.hu\/wp-content\/uploads\/2023\/10\/mitz-150x150.jpg",150,150,true],"medium":["https:\/\/cigandse.hu\/wp-content\/uploads\/2023\/10\/mitz-300x175.jpg",300,175,true],"medium_large":["https:\/\/cigandse.hu\/wp-content\/uploads\/2023\/10\/mitz-768x448.jpg",680,397,true],"large":["https:\/\/cigandse.hu\/wp-content\/uploads\/2023\/10\/mitz-1024x597.jpg",680,396,true],"1536x1536":["https:\/\/cigandse.hu\/wp-content\/uploads\/2023\/10\/mitz-1536x896.jpg",1536,896,true],"2048x2048":["https:\/\/cigandse.hu\/wp-content\/uploads\/2023\/10\/mitz-2048x1195.jpg",2048,1195,true],"sportspress-crop-medium":["https:\/\/cigandse.hu\/wp-content\/uploads\/2023\/10\/mitz-300x300.jpg",300,300,true],"sportspress-fit-medium":["https:\/\/cigandse.hu\/wp-content\/uploads\/2023\/10\/mitz-300x175.jpg",300,175,true],"sportspress-fit-icon":["https:\/\/cigandse.hu\/wp-content\/uploads\/2023\/10\/mitz-128x75.jpg",128,75,true],"sportspress-fit-mini":["https:\/\/cigandse.hu\/wp-content\/uploads\/2023\/10\/mitz-32x19.jpg",32,19,true]},"uagb_author_info":{"display_name":"admin","author_link":"https:\/\/cigandse.hu\/index.php\/author\/terjeksandor\/"},"uagb_comment_info":0,"uagb_excerpt":"MLSZ REGION\u00c1LIS U16 ALAP, \u00c9SZAKKELETI CSOPORT, 6. FORDUL\u00d3: FC Tisza\u00fajv\u00e1ros\u2013Cig\u00e1nd SE 4\u20133 (3\u20132) &nbsp; MLSZ REGION\u00c1LIS U14 ALAP, \u00c9SZAKKELETI \u201eA&#8221; [&hellip;]","_links":{"self":[{"href":"https:\/\/cigandse.hu\/index.php\/wp-json\/wp\/v2\/pages\/2968","targetHints":{"allow":["GET"]}}],"collection":[{"href":"https:\/\/cigandse.hu\/index.php\/wp-json\/wp\/v2\/pages"}],"about":[{"href":"https:\/\/cigandse.hu\/index.php\/wp-json\/wp\/v2\/types\/page"}],"author":[{"embeddable":true,"href":"https:\/\/cigandse.hu\/index.php\/wp-json\/wp\/v2\/users\/1"}],"replies":[{"embeddable":true,"href":"https:\/\/cigandse.hu\/index.php\/wp-json\/wp\/v2\/comments?post=2968"}],"version-history":[{"count":4,"href":"https:\/\/cigandse.hu\/index.php\/wp-json\/wp\/v2\/pages\/2968\/revisions"}],"predecessor-version":[{"id":2971,"href":"https:\/\/cigandse.hu\/index.php\/wp-json\/wp\/v2\/pages\/2968\/revisions\/2971"}],"wp:featuredmedia":[{"embeddable":true,"href":"https:\/\/cigandse.hu\/index.php\/wp-json\/wp\/v2\/media\/2969"}],"wp:attachment":[{"href":"https:\/\/cigandse.hu\/index.php\/wp-json\/wp\/v2\/media?parent=2968"}],"curies":[{"name":"wp","href":"https:\/\/api.w.org\/{rel}","templated":true}]}}